{"id":376,"date":"2026-01-14T16:25:35","date_gmt":"2026-01-14T16:25:35","guid":{"rendered":"https:\/\/diolee.net\/?page_id=376"},"modified":"2026-02-05T21:23:23","modified_gmt":"2026-02-05T21:23:23","slug":"actualites","status":"publish","type":"page","link":"https:\/\/diolee.net\/index.php\/actualites\/","title":{"rendered":"Actualit\u00e9s"},"content":{"rendered":"\t\t<div data-elementor-type=\"wp-page\" data-elementor-id=\"376\" class=\"elementor elementor-376\">\n\t\t\t\t<div class=\"elementor-element elementor-element-9d5d4d3 e-flex e-con-boxed e-con e-parent\" data-id=\"9d5d4d3\" data-element_type=\"container\" data-e-type=\"container\">\n\t\t\t\t\t<div class=\"e-con-inner\">\n\t\t\t\t<div class=\"elementor-element elementor-element-b9dcb91 elementor-grid-2 elementor-grid-tablet-2 elementor-grid-mobile-1 elementor-widget elementor-widget-elementor-blog-posts\" data-id=\"b9dcb91\" data-element_type=\"widget\" data-e-type=\"widget\" data-settings=\"{&quot;columns&quot;:&quot;2&quot;,&quot;columns_tablet&quot;:&quot;2&quot;,&quot;columns_mobile&quot;:&quot;1&quot;}\" data-widget_type=\"elementor-blog-posts.default\">\n\t\t\t\t<div class=\"elementor-widget-container\">\n\t\t\t\t\t\t\t<div class=\"wpcap-grid\">\n\t\t\t\t\t\t<div class=\"wpcap-grid-container elementor-grid wpcap-grid-desktop-2 wpcap-grid-tablet-2 wpcap-grid-mobile-1\">\n\n\t\t\t\t\n        <article id=\"post-422\" class=\"wpcap-post post-422 post type-post status-publish format-standard hentry category-uncategorized\">\n         \n            <div class=\"post-grid-inner\">\n                \n                \n                <div class=\"post-grid-text-wrap\">\n                    \t\t<div class=\"post-grid-meta\">\n\t\t\t\n\t\t\t\t<span class=\"post-date\"><time datetime=\"2026-02-05T20:29:21+00:00\">f\u00e9vrier 5, 2026<\/time><\/span>\n\n\t\t\t\t\n\t\t\t\t<span class=\"post-comments\">Aucun commentaire<\/span>\n\n\t\t\t\t\t\t<\/div>\n\t\t                    \t\t<h3 class=\"title\">\n\t\t\t<a href=\"https:\/\/diolee.net\/index.php\/2026\/02\/05\/les-animaux-malades-dans-la-production-animale-enjeux-causes-et-solutions-2\/\">Les animaux malades dans la production animale : enjeux, causes et solutions<\/a>\n\t\t<\/h3>\n\t\t                    \t\t<div class=\"post-grid-excerpt\">\n\t\t\t<p>Introduction Les plantes constituent la base des syst\u00e8mes agricoles et des \u00e9cosyst\u00e8mes naturels. Leur sant\u00e9 est un facteur d\u00e9terminant de la productivit\u00e9 agricole, de la&hellip;<\/p>\n\t\t<\/div>\n\t\t                    \t\t<a class=\"read-more-btn\" href=\"https:\/\/diolee.net\/index.php\/2026\/02\/05\/les-animaux-malades-dans-la-production-animale-enjeux-causes-et-solutions-2\/\">Lire la suite \u00bb<\/a>\n\t\t                <\/div>\n\n            <\/div><!-- .blog-inner -->\n           \n        <\/article>\n\n        \n        <article id=\"post-419\" class=\"wpcap-post post-419 post type-post status-publish format-standard hentry category-uncategorized\">\n         \n            <div class=\"post-grid-inner\">\n                \n                \n                <div class=\"post-grid-text-wrap\">\n                    \t\t<div class=\"post-grid-meta\">\n\t\t\t\n\t\t\t\t<span class=\"post-date\"><time datetime=\"2026-02-05T20:15:28+00:00\">f\u00e9vrier 5, 2026<\/time><\/span>\n\n\t\t\t\t\n\t\t\t\t<span class=\"post-comments\">Aucun commentaire<\/span>\n\n\t\t\t\t\t\t<\/div>\n\t\t                    \t\t<h3 class=\"title\">\n\t\t\t<a href=\"https:\/\/diolee.net\/index.php\/2026\/02\/05\/les-animaux-malades-dans-la-production-animale-enjeux-causes-et-solutions\/\">Les animaux malades dans la production animale : enjeux, causes et solutions<\/a>\n\t\t<\/h3>\n\t\t                    \t\t<div class=\"post-grid-excerpt\">\n\t\t\t<p>Introduction La production animale joue un r\u00f4le essentiel dans l\u2019alimentation mondiale et dans l\u2019\u00e9conomie de nombreux pays. Cependant, la pr\u00e9sence d\u2019animaux malades dans les \u00e9levages&hellip;<\/p>\n\t\t<\/div>\n\t\t                    \t\t<a class=\"read-more-btn\" href=\"https:\/\/diolee.net\/index.php\/2026\/02\/05\/les-animaux-malades-dans-la-production-animale-enjeux-causes-et-solutions\/\">Lire la suite \u00bb<\/a>\n\t\t                <\/div>\n\n            <\/div><!-- .blog-inner -->\n           \n        <\/article>\n\n        \n\t\t\t<\/div>\n\t\t<\/div>\n\t\t\t\t\t\t<\/div>\n\t\t\t\t<\/div>\n\t\t\t\t\t<\/div>\n\t\t\t\t<\/div>\n\t\t<div class=\"elementor-element elementor-element-cef6968 e-flex e-con-boxed e-con e-parent\" data-id=\"cef6968\" data-element_type=\"container\" data-e-type=\"container\">\n\t\t\t\t\t<div class=\"e-con-inner\">\n\t\t\t\t\t<\/div>\n\t\t\t\t<\/div>\n\t\t\t\t<\/div>\n\t\t","protected":false},"excerpt":{"rendered":"<p>f\u00e9vrier 5, 2026 Aucun commentaire Les animaux malades dans la production animale : enjeux, causes et solutions Introduction Les plantes constituent la base des syst\u00e8mes agricoles et des \u00e9cosyst\u00e8mes naturels. Leur sant\u00e9 est un facteur d\u00e9terminant de la productivit\u00e9 agricole, de la s\u00e9curit\u00e9 alimentaire et de la durabilit\u00e9 environnementale. Les maladies des plantes, caus\u00e9es par [&hellip;]<\/p>\n","protected":false},"author":1,"featured_media":0,"parent":0,"menu_order":0,"comment_status":"closed","ping_status":"closed","template":"","meta":{"footnotes":""},"class_list":["post-376","page","type-page","status-publish","hentry"],"jetpack_sharing_enabled":true,"_links":{"self":[{"href":"https:\/\/diolee.net\/index.php\/wp-json\/wp\/v2\/pages\/376","targetHints":{"allow":["GET"]}}],"collection":[{"href":"https:\/\/diolee.net\/index.php\/wp-json\/wp\/v2\/pages"}],"about":[{"href":"https:\/\/diolee.net\/index.php\/wp-json\/wp\/v2\/types\/page"}],"author":[{"embeddable":true,"href":"https:\/\/diolee.net\/index.php\/wp-json\/wp\/v2\/users\/1"}],"replies":[{"embeddable":true,"href":"https:\/\/diolee.net\/index.php\/wp-json\/wp\/v2\/comments?post=376"}],"version-history":[{"count":3,"href":"https:\/\/diolee.net\/index.php\/wp-json\/wp\/v2\/pages\/376\/revisions"}],"predecessor-version":[{"id":426,"href":"https:\/\/diolee.net\/index.php\/wp-json\/wp\/v2\/pages\/376\/revisions\/426"}],"wp:attachment":[{"href":"https:\/\/diolee.net\/index.php\/wp-json\/wp\/v2\/media?parent=376"}],"curies":[{"name":"wp","href":"https:\/\/api.w.org\/{rel}","templated":true}]}}