{"id":272,"date":"2026-01-04T03:17:57","date_gmt":"2026-01-04T03:17:57","guid":{"rendered":"https:\/\/diolee.net\/?post_type=product&#038;p=272"},"modified":"2026-01-04T03:19:21","modified_gmt":"2026-01-04T03:19:21","slug":"pepiniere-de-poivron-alveoles-128-troues","status":"publish","type":"product","link":"https:\/\/diolee.net\/index.php\/product\/pepiniere-de-poivron-alveoles-128-troues\/","title":{"rendered":"P\u00e9pini\u00e8re de Poivron"},"content":{"rendered":"<p>alv\u00e9oles 128 troues<\/p>\n","protected":false},"excerpt":{"rendered":"<p>alv\u00e9oles 128 troues<\/p>\n","protected":false},"featured_media":0,"comment_status":"open","ping_status":"closed","template":"","meta":[],"product_brand":[],"product_cat":[20],"product_tag":[],"class_list":{"0":"post-272","1":"product","2":"type-product","3":"status-publish","5":"product_cat-arboriculture","7":"first","8":"instock","9":"taxable","10":"shipping-taxable","11":"purchasable","12":"product-type-simple"},"jetpack_sharing_enabled":true,"_links":{"self":[{"href":"https:\/\/diolee.net\/index.php\/wp-json\/wp\/v2\/product\/272","targetHints":{"allow":["GET"]}}],"collection":[{"href":"https:\/\/diolee.net\/index.php\/wp-json\/wp\/v2\/product"}],"about":[{"href":"https:\/\/diolee.net\/index.php\/wp-json\/wp\/v2\/types\/product"}],"replies":[{"embeddable":true,"href":"https:\/\/diolee.net\/index.php\/wp-json\/wp\/v2\/comments?post=272"}],"wp:attachment":[{"href":"https:\/\/diolee.net\/index.php\/wp-json\/wp\/v2\/media?parent=272"}],"wp:term":[{"taxonomy":"product_brand","embeddable":true,"href":"https:\/\/diolee.net\/index.php\/wp-json\/wp\/v2\/product_brand?post=272"},{"taxonomy":"product_cat","embeddable":true,"href":"https:\/\/diolee.net\/index.php\/wp-json\/wp\/v2\/product_cat?post=272"},{"taxonomy":"product_tag","embeddable":true,"href":"https:\/\/diolee.net\/index.php\/wp-json\/wp\/v2\/product_tag?post=272"}],"curies":[{"name":"wp","href":"https:\/\/api.w.org\/{rel}","templated":true}]}}